{"id":74,"date":"2025-11-27T00:30:18","date_gmt":"2025-11-27T00:30:18","guid":{"rendered":"https:\/\/www.novilio.fr\/?page_id=74"},"modified":"2025-11-27T00:30:18","modified_gmt":"2025-11-27T00:30:18","slug":"a-propos","status":"publish","type":"page","link":"https:\/\/www.novilio.fr\/?page_id=74","title":{"rendered":"\u00c0 propos"},"content":{"rendered":"\n<p>\u00c0 Paris et en petite couronne, nous mettons notre expertise au service de celles et ceux qui veulent <strong>arr\u00eater de publier des annonces fades<\/strong> et commencer \u00e0 <strong>vendre et louer plus vite gr\u00e2ce \u00e0 des images qui claquent<\/strong>.<\/p>\n\n\n\n<p><strong>Novilio Studio<\/strong>, c\u2019est la rencontre entre :<\/p>\n\n\n\n<ul class=\"wp-block-list\">\n<li>un sens pr\u00e9cis de la composition<\/li>\n\n\n\n<li>une ma\u00eetrise technique de la lumi\u00e8re,<\/li>\n\n\n\n<li>et une compr\u00e9hension de ce qui <em>fait cliquer<\/em> un internaute.<\/li>\n<\/ul>\n\n\n\n<p>Nous ne prenons pas \u201cjuste des photos\u201d.<br>Nous cr\u00e9ons <strong>des visuels qui peuvent vous permettre de d\u00e9clencher des visites<\/strong>.<\/p>\n\n\n\n<hr class=\"wp-block-separator has-alpha-channel-opacity\"\/>\n\n\n\n<p><strong>Notre truc, c\u2019est de sublimer l\u2019immobilier.<\/strong><\/p>\n\n\n\n<p>Chaque photo est pens\u00e9e pour :<\/p>\n\n\n\n<ol class=\"wp-block-list\">\n<li>Maximiser l\u2019impact d\u00e8s la premi\u00e8re seconde.<\/li>\n\n\n\n<li>Mettre en avant ce que vos clients veulent vraiment voir.<\/li>\n\n\n\n<li>Donner une sensation de volume, de lumi\u00e8re et de confort.<\/li>\n\n\n\n<li>Faire sortir votre annonce du lot.<\/li>\n<\/ol>\n\n\n\n<p>Les agences et mandataires nous choisissent pour <strong>valoriser leur image<\/strong> et <strong>booster leurs r\u00e9sultats<\/strong>.<br>Les propri\u00e9taires nous choisissent pour <strong>optimiser la vente<\/strong>.<br>Et les h\u00f4tes Airbnb nous choisissent pour <strong>augmenter le taux d\u2019occupation<\/strong>.<\/p>\n\n\n\n<hr class=\"wp-block-separator has-alpha-channel-opacity\"\/>\n\n\n\n<p><strong>Pourquoi \u00e7a marche ?<\/strong><\/p>\n\n\n\n<p>Car nous connaissons :<\/p>\n\n\n\n<ul class=\"wp-block-list\">\n<li>les <strong>codes de l\u2019image<\/strong> qui attirent<\/li>\n\n\n\n<li>les <strong>couleurs<\/strong> qui vendent<\/li>\n\n\n\n<li>les <strong>angles<\/strong> qui valorisent<\/li>\n\n\n\n<li>les <strong>compositions<\/strong> qui rassurent<\/li>\n\n\n\n<li>et les <strong>d\u00e9tails<\/strong> qui font toute la diff\u00e9rence dans le cerveau d\u2019un futur acheteur.<\/li>\n<\/ul>\n\n\n\n<p>R\u00e9sultat :<br><strong>Vos annonces gagnent en clart\u00e9 et en attractivit\u00e9. Vos biens sont mieux mis en valeur. Les acqu\u00e9reurs per\u00e7oivent imm\u00e9diatement le soin apport\u00e9 \u00e0 votre pr\u00e9sentation.<\/strong><\/p>\n","protected":false},"excerpt":{"rendered":"<p>\u00c0 Paris et en petite couronne, nous mettons notre expertise au service de celles et ceux qui veulent arr\u00eater de publier des annonces fades et commencer \u00e0 vendre et louer plus vite gr\u00e2ce \u00e0 des images qui claquent. Novilio Studio, c\u2019est la rencontre entre : Nous ne prenons pas \u201cjuste des photos\u201d.Nous cr\u00e9ons des visuels [&hellip;]<\/p>\n","protected":false},"author":1,"featured_media":0,"parent":0,"menu_order":0,"comment_status":"closed","ping_status":"closed","template":"","meta":{"footnotes":"[]"},"class_list":["post-74","page","type-page","status-publish","hentry"],"_links":{"self":[{"href":"https:\/\/www.novilio.fr\/index.php?rest_route=\/wp\/v2\/pages\/74","targetHints":{"allow":["GET"]}}],"collection":[{"href":"https:\/\/www.novilio.fr\/index.php?rest_route=\/wp\/v2\/pages"}],"about":[{"href":"https:\/\/www.novilio.fr\/index.php?rest_route=\/wp\/v2\/types\/page"}],"author":[{"embeddable":true,"href":"https:\/\/www.novilio.fr\/index.php?rest_route=\/wp\/v2\/users\/1"}],"replies":[{"embeddable":true,"href":"https:\/\/www.novilio.fr\/index.php?rest_route=%2Fwp%2Fv2%2Fcomments&post=74"}],"version-history":[{"count":5,"href":"https:\/\/www.novilio.fr\/index.php?rest_route=\/wp\/v2\/pages\/74\/revisions"}],"predecessor-version":[{"id":102,"href":"https:\/\/www.novilio.fr\/index.php?rest_route=\/wp\/v2\/pages\/74\/revisions\/102"}],"wp:attachment":[{"href":"https:\/\/www.novilio.fr\/index.php?rest_route=%2Fwp%2Fv2%2Fmedia&parent=74"}],"curies":[{"name":"wp","href":"https:\/\/api.w.org\/{rel}","templated":true}]}}